-12 - -20. What is the highest common factor of 12 and u?
4
Suppose 245 = 3*n - 4*g, -4*n + 203 = 3*g - 82. Suppose 5*d + n = -3*f + 8*f, 0 = f - 4*d - 24. Calculate the greatest common divisor of f and 48.
12
Suppose -3*j + 54 = -126. Calculate the greatest common divisor of 90 and j.
30
Let b be 7 + -2 + -1 - 0. Let a be (-1)/(-3) - 15/(-9). Suppose 52 = 3*i + 4*t, -2*i = i - a*t - 46. What is the highest common divisor of i and b?
4
Let t = -3 - -11. Calculate the greatest common divisor of t and 20.
4
Let k(w) = w + 12. Let x be k(-6). Suppose -3*f = -4*c - 9, 2*c - 1 = -f + 12. Let i = x + f. What is the highest common divisor of 65 and i?
13
Let v be (-1)/((-4)/18)*(-32)/(-6). Calculate the highest common divisor of 264 and v.
24
Let k be 16/(-48) - 422/(-6). Let f be (-80)/(-6) - (-4)/6. Calculate the highest common divisor of k and f.
14
Let q(v) = -4 - 1 - v + 1. Let p be q(6). Let a = p + 14. Calculate the greatest common divisor of a and 32.
4
Let p(l) = -l**2 - 15*l - 4. Suppose 79 = -4*h + 23. Let a be p(h). Calculate the greatest common factor of a and 20.
10
Suppose 0 = -4*g, g + 45 = 3*i - g. Let s(h) be the second derivative of h**3/6 - h**2 + h. Let k be s(7). Calculate the highest common divisor of i and k.
5
Let p(q) = -3 - 7*q + 3*q + 0 + 5*q. Let x be p(4). What is the highest common factor of 1 and x?
1
Let n(k) = k**2 - 11*k + 4. Let p be n(11). Suppose -p*y - 42 = -7*y + 4*w, y - 14 = 5*w. Calculate the greatest common factor of 112 and y.
14
Let f(g) be the third derivative of -g**4/8 - g**3/2 - g**2. Let k be f(-8). Calculate the highest common factor of 105 and k.
21
Let n(x) = 92*x**2 - 2*x + 3. Let o be n(2). Let i = o - 202. What is the highest common factor of 15 and i?
15
Suppose 95 = 5*k + 5*m, m = -k + 3*m + 19. What is the highest common factor of k and 133?
19
Suppose -3*x = 5*v - 142, 5*x - 41 + 125 = 4*v. Let t(z) = -8*z + 9. Let g be t(-7). What is the greatest common divisor of g and v?
13
Let k = -4 + 34. Suppose 2*p = -3*p - 155. Let h = -19 - p. Calculate the highest common divisor of h and k.
6
Let f = 125 - 55. Calculate the greatest common factor of f and 28.
14
Let l = 10 + -1. Suppose -2*u + 111 = -l. Suppose 0*p + 24 = 2*p. What is the greatest common factor of p and u?
12
Suppose 3*s + s - 132 = 0. What is the highest common factor of 22 and s?
11
Let d be 744/30 - (-2)/10. Calculate the highest common divisor of 225 and d.
25
Let p be (16/(-6))/((-8)/12). Calculate the greatest common factor of 8 and p.
4
Suppose -2*x = -5*u - 30, -4*x - 3*u - 2*u = 0. Let s be (-3)/(2*1/(-10)). Calculate the greatest common divisor of s and x.
5
Let t be (0 - 2) + (-2)/(-1). Suppose t = -2*o + 5*o - 726. Calculate the highest common factor of 22 and o.
22
Let w(m) = -11*m - 2. Let l be w(-4). Calculate the greatest common divisor of 14 and l.
14
Let y(f) = 3*f**2 + 5*f - 2. Let q(z) = 4*z**2 + 6*z - 1. Let c(n) = 4*q(n) - 5*y(n). Let m be c(0). What is the highest common divisor of m and 42?
6
Let r = -45 - -75. Calculate the greatest common factor of 10 and r.
10
Let o(x) = x**3 + 4*x**2 - 3*x + 7. Let c be o(-5). Let l be (c*2)/3 - -3. What is the highest common divisor of 6 and l?
1
Let o be -9*(-1 + 0) - 0. Let r(c) = 16*c + 1. Let n be r(5). Suppose -6*v = -9*v + n. Calculate the highest common divisor of o and v.
9
Suppose 2*l + 0*l - 186 = 0. Let s = l + 5. Let k be 2*(6 - (-3 - -2)). Calculate the greatest common divisor of s and k.
14
Let a(t) = t**2 - 10*t + 20. Let o be a(8). Let n be ((-2)/3)/(6/(-9)). What is the greatest common factor of o and n?
1
Let j(a) = 5*a**2 + 58*a. Let n be j(-12). Suppose -19 = -3*r + k, -5*k + 6*k + 11 = 2*r. Calculate the highest common factor of n and r.
8
Let g be (0 - 24/9)*-6. Suppose -3*p - 5*l + 6*l = -22, 0 = l - 2. What is the highest common divisor of g and p?
8
Let u be 120/(-3)*12/(-15). Calculate the greatest common factor of u and 4.
4
Let n = -39 - -64. Suppose 4*d + 4*p - 23 = n, 0 = 4*d - 5*p - 30. Suppose 0 = -5*h + 3 + 22. Calculate the highest common divisor of h and d.
5
Let g = 7 - 7. Suppose 33 = 6*n - 2*n - 3*d, 2*n + 3*d - 39 = g. What is the highest common divisor of 60 and n?
12
Let d be 0 - 0 - (-5 + 12). Let w(b) = b**3 + 8*b**2 + 5*b - 10. Let x be w(d). Suppose -x*s = -31 - 13. What is the greatest common factor of s and 99?
11
Suppose -3 - 15 = -2*h. Let k = h - -27. Calculate the highest common divisor of 4 and k.
4
Let c(u) = 2*u**2 + 3*u - 1. Let j be c(-3). Let b(o) = 73*o**2 + o. Let r be b(-1). Calculate the greatest common divisor of r and j.
8
Let y(q) = -4*q - 3. Let t be y(-4). What is the greatest common factor of 91 and t?
13
Let a = 6 + 18. Suppose -6*v + 5*v + 244 = 5*x, 2*v = 4*x + 544. What is the greatest common divisor of v and a?
24
Let m(h) = 2*h**3 - 8*h**2 - 2*h + 12. Let y be m(6). Calculate the highest common factor of 96 and y.
48
Let m be 0 - (58*1)/(4/(-8)). What is the greatest common factor of m and 29?
29
Suppose 14 + 14 = 4*r. Let l(u) = r - u - 3*u - 3 + 5*u**2. Let b be l(4). Calculate the highest common factor of b and 17.
17
Let q be (-1)/(-1 + 62/64). Suppose -7 = -k - 2. Suppose -l + k*l - 16 = 0. What is the greatest common divisor of l and q?
4
Let u be (-3)/(-9) - (-2443)/(-3). Let c be u/(-18) - 6/27. Let m(x) = 3*x - 6. Let j be m(5). Calculate the greatest common divisor of j and c.
9
Suppose -2*c - 4*k + 9*k + 13 = 0, -5*c - 2*k = -76. What is the highest common factor of c and 35?
7
Let f(d) = 76*d + 1. Let t be f(1). Let o be (17/2)/(3/6). Let w = 28 - o. What is the greatest common divisor of w and t?
11
Suppose 7*f = 12 + 16. What is the greatest common factor of f and 1?
1
Let s(d) = -d - 3. Let o be s(-4). Let c = 18 - 17. What is the greatest common divisor of o and c?
1
Let g be (-3 + 1)*-1 + 1. Let t be (2 - g - -1)/2. Suppose -3*n + 63 + 15 = t. What is the highest common factor of 13 and n?
13
Let a = -15 + 18. Suppose -a*d + 12 = -6. Let f(m) = -55*m**3 - 2*m**2 - 2*m - 1. Let x be f(-1). What is the highest common factor of x and d?
6
Let i(c) = -5*c - 4. Let x be i(-2). What is the greatest common divisor of x and 4?
2
Let a(d) = 13*d - 8. Let b be a(11). Let j = -19 + 73. Calculate the highest common divisor of j and b.
27
Let f = 1 - 1. Suppose f = -j - j - 2*i + 18, -j + 3*i = -13. What is the highest common factor of j and 15?
5
Let u(k) = 7*k**2 + 1. Let v be u(3). Suppose -6 + 141 = 3*q. Let i = q - 29. What is the highest common divisor of i and v?
16
Let k = 101 - 55. Let p = k + -22. Calculate the greatest common factor of 96 and p.
24
Let p(n) = 400*n. Let f be p(1). Suppose f = 4*b - 0*b. Calculate the highest common factor of 10 and b.
10
Suppose 4 - 2 = -x, g + 2*x = 216. Calculate the highest common divisor of g and 20.
20
Let d(z) = z**2 - 10*z - 6. Let i be d(11). Suppose -i*p + 4*l = -416, -p + 244 = 2*p - l. Calculate the greatest common factor of 16 and p.
16
Let m = -60 + 87. Let i be 1 + 0 + (-13)/(-1). Suppose i = -4*y + 50. Calculate the greatest common factor of y and m.
9
Let h(p) = -p**2 - 11*p - 13. Let r = 4 + -4. Suppose r = -4*m - 38 + 2. Let s be h(m). What is the highest common divisor of 5 and s?
5
Suppose 3*y - 12 = o, 4*o = -y + 9*o + 4. Suppose v + 3*v - 2*h - 138 = 0, 0 = y*v - 5*h - 147. What is the highest common factor of 11 and v?
11
Let n(m) = m**3 - 6*m**2 + 6*m - 5. Let u be n(5). Suppose u = -3*q + 4*i + 60, -4*q - 3*i + 81 = -q. Calculate the greatest common factor of q and 8.
8
Suppose 0 = 4*o - 5*q + 4 - 1, 4*o = q + 9. Calculate the greatest common divisor of o and 3.
3
Suppose 86 = 3*f - h, -2*h = -4*f + 6*f - 44. What is the greatest common divisor of 54 and f?
27
Suppose -5*c + 22 + 103 = 0. Let g(b) = -b**2 + 8*b - 7. Let v be g(6). Calculate the highest common divisor of v and c.
5
Let x(n) = n**2 + 3*n - 2. Let z = -14 + 8. Let m be x(z). Calculate the greatest common divisor of m and 64.
16
Suppose 0 = -m - 5*m + 990. Suppose 0 = 5*g - 10*g + m. What is the greatest common factor of 3 and g?
3
Suppose -2*z - 30 = -3*z - r, -2*r = 3*z - 92. Suppose -2 = -2*o - 4. Let h = o + 5. Calculate the greatest common divisor of h and z.
4
Let s be (-304)/(-6) + 4/(-6). What is the highest common factor of 5 and s?
5
Let b(r) = r*